2. Let y(o) = -3*o**3 + 5*o**2 + 2*o + 24. Let s(x) = -4*l(x) - 11*y(x). Determine s(-5).
-6
Let n(z) = 7*z + 3. Let w(k) = k**3 + 5*k**2 - 4*k. Let o be w(-5). Suppose -3*h + 2*b = -2, o = 3*b - 8*b. Give n(h).
-11
Let z(y) = 27*y**2 + 167*y + 404. Let a(p) = 11*p**2 + 67*p + 169. Let h(n) = 12*a(n) - 5*z(n). Calculate h(-8).
64
Let n(a) = 6*a**2 + 2*a. Let m be n(-1). Suppose 4*i = -m, 2*q - 3*i + 0 = 21. Let c(u) = q*u - 11*u - u**2 + 1 + u. Calculate c(-3).
-5
Let l be ((-5)/20)/((-2)/184). Suppose -2*h + 6 = 0, 2*s - l = -2*s - h. Let c(g) = g**3 - 6*g - 3*g**3 + 5*g**2 + g**3 + 5*g - 4. Determine c(s).
-9
Suppose -5*r + 13 = 2*c, 3*r - 15 = -5*c + 8*r. Suppose 7*y + c = -24. Let o(z) = -6*z + 17. Let i(j) = j - 3. Let b(s) = 34*i(s) + 6*o(s). Determine b(y).
8
Let n = -11 + 18. Let a(l) be the third derivative of -l**6/120 + l**5/12 + 7*l**4/12 - 3*l**3/2 + 39220*l**2 + 3*l. What is a(n)?
-9
Let j(l) = l**3 - 10*l**2 - l + 6. Let t = -178 - -186. Suppose -t = 4*o - 3*a - 33, -2*o + 35 = 3*a. Determine j(o).
-4
Suppose -3*d = -9 - 12. Let b(y) = 5*y**3 + 8*y**2 - 32*y + 25. Let r(z) = -14*z**3 - 24*z**2 + 92*z - 70. Let m(i) = -17*b(i) - 6*r(i). Determine m(d).
-12
Let o(c) be the third derivative of c**5/30 - 9*c**4/4 - 5*c**3/6 - c**2 - 52*c + 1. Give o(27).
-5
Let n(f) = f**2 - 8*f + 3. Let k = -220 + 137. Let m = k + 89. What is n(m)?
-9
Let h(j) = -j**2 - 6*j - 7. Let b be (9 + (-282)/18)/((-2)/(-6)). Let i be (1 - 2/6) + b/3. What is h(i)?
-7
Let x be (75/9)/((-25)/(-15)). Let m(o) be the third derivative of -o**6/120 + o**5/15 + o**4/8 + o**3/3 + 8*o**2. Determine m(x).
-8
Let s(n) = 27*n**2 + 6*n + 24. Let j(z) = 23*z**2 + 5*z + 21. Let o(x) = -7*j(x) + 6*s(x). Determine o(0).
-3
Let p = -12288 + 12270. Let b(a) = a**2 + 21*a - 8. Determine b(p).
-62
Let n(m) = 2*m + 3. Let i be n(-4). Let h = -12 + 14. Let w(f) = -1889 - f**2 - 3*f + 1893 - h*f. Determine w(i).
4
Let k(z) = -z**3 - 4*z**2 - 3*z - 1. Let v = -601 - -396. Let w = 202 + v. Calculate k(w).
-1
Let j(m) be the second derivative of m**4/12 + m**3/2 - 112*m**2 - 13001*m. Determine j(-17).
14
Let c(i) = 42*i**2 - 6*i + 6. Let y be c(1). Let u be (-5)/((-6)/(y/5)). Let g(z) be the first derivative of -z**2 + 2*z + 1. Calculate g(u).
-12
Suppose -2*x = 9*u - 8*u + 7, -3*u - 1 = -4*x. Let p(z) = -z - 1. Let c(i) = -2*i. Let h(k) = -3*c(k) + 2*p(k). What is h(x)?
-10
Suppose 0 = -c + 3, 0 = -l + 4*l + 3*c - 15. Let q(d) = -46*d + 0*d**3 + d**2 + 88*d - 41*d - d**3 - l. Give q(0).
-2
Let x(q) = -q - 14. Let l(a) = 3*a**2 - 20*a - 24. Suppose -27*o = -33*o + 42. Let r be l(o). Calculate x(r).
3
Let u(o) be the second derivative of 127*o + 0 - 1/3*o**3 + 2*o**2. Determine u(-5).
14
Let w = -94 + 92. Let f(b) = -3*b**2 + 4*b + 5. What is f(w)?
-15
Let t(a) = -2186 - 2190 + a + a + 4370. What is t(-5)?
-16
Let d(q) = q**2 + 2*q - 20. Let i(h) = 3*h**2 + 5*h - 77. Let b(u) = -13*d(u) + 3*i(u). Determine b(3).
-40
Let h = 8771 + -8775. Let d(o) = o**3 + 10*o**2 + 4*o - 4. What is d(h)?
76
Suppose -21*x = -34 + 223. Let n(q) = 4*q**3 + 3*q**2 - 5*q**2 - 7*q**2 - 5*q**3 + 1. Give n(x).
1
Let o(q) = -3266*q + 6530*q - 2 + 1 - 3267*q - 3. Suppose 6*z = 2*z + 40. What is o(z)?
-34
Let b(w) = w**3 - 20*w**2 - 152*w - 18 - 2 - 132*w + 287*w. Calculate b(20).
40
Let j(l) = l - 11. Let w be j(7). Let t(a) = 2*a + 17. Let z(x) = 4*x + 33. Let b(u) = w*z(u) + 7*t(u). Determine b(-10).
7
Let g(f) = -4*f**2 + 34*f + 7. Let l be 63/6 + -1 - (-25)/(-50). Determine g(l).
-11
Let c(r) be the second derivative of r**5/20 - 7*r**3/6 + 7*r**2/2 - 1901*r. Give c(3).
13
Let f(l) be the second derivative of -l**8/6720 + l**7/420 + 5*l**4/12 - 2*l**2 + 49*l + 2. Let y(n) be the third derivative of f(n). Calculate y(6).
0
Let x(c) = -c - 10. Let u be x(-12). Let g(p) = 3*p**u + 0*p**2 + 0 - 4*p**2 - 2 - 5. Calculate g(0).
-7
Let v(m) be the third derivative of -m**6/120 + 11*m**5/60 - 5*m**4/12 - 17*m**3/6 - 6065*m**2. What is v(11)?
-127
Let f(l) = 3*l - 1. Let b(i) = -16*i + 3. Let s = 17 - 19. Let z(u) = s*b(u) - 11*f(u). What is z(6)?
-1
Let f(t) = 6*t**2 + 117*t - 15. Let l = -17259 + 17239. Give f(l).
45
Let w be (9/4)/(9/24). Let j(g) = 4*g**2 - 9*g - 3*g**2 + 1283 - 644 + 3*g - 634. Give j(w).
5
Let q(v) be the first derivative of -v**3 - 6*v + 497. Give q(5).
-81
Let q(c) = -c. Let g(k) = -k**2 + 2*k - 3. Let n(o) = g(o) - 4*q(o). Suppose -12*j + 2*r = -8*j - 208, 4*j + 2*r - 192 = 0. Suppose 68*l = j*l + 54. Give n(l).
6
Let a(q) = -q**2 + 11*q + 8. Let r(g) = 7*g**2 - 76*g - 58. Let f(s) = -29*a(s) - 4*r(s). Determine f(15).
0
Let f(p) = -11*p**2 + 4. Let m(s) = 53*s**2 - 8*s - 3. Let d(g) = 4*f(g) + m(g). Determine d(2).
33
Let i(v) = 4*v**2 + 35*v - 3*v**2 - 88 + 258 + 132. What is i(-18)?
-4
Let w(s) = 40*s - 92. Let l(r) = 114*r - 279. Let u(d) = -2*l(d) + 7*w(d). What is u(2)?
18
Suppose -3 = -3*v - 0. Let b(z) = -6*z. Let u(o) = -13*o + 1. Let w(j) = -3*b(j) - u(j). What is w(v)?
30
Let z be ((-4)/16)/((-25)/40)*10. Let y(l) = -3*l**3 - 18*l**2 + z + 13*l**2 + 2*l**3. Calculate y(-4).
-12
Let a(f) = 2*f**2 - 23*f - 8. Let s be a(12). Let d be 1*s/6*(-25 + 16). Let t(x) = -x**2 - 8*x - 9. What is t(d)?
3
Let s(a) = -25*a + 9. Let o(n) = -19*n + 4. Let p(m) = -5*o(m) + 3*s(m). What is p(-1)?
-13
Let r(v) = v**3 - 14*v**2 + 24*v + 22. Let l be (-12)/14*(-35 - (-15 + -6)). What is r(l)?
22
Let k = 63861/20 - 3193. Let p(u) be the third derivative of 1/2*u**3 - 1/8*u**4 - 19*u**2 + 0*u + 0 + k*u**5. Give p(2).
9
Let i = 19 + -27. Let q(d) be the first derivative of -9*d + 356 - 1/2*d**2. Give q(i).
-1
Suppose -5*a = -10, -7*a - 8 = -4*g - 3*a. Let p(h) = -14*h - 1. Give p(g).
-57
Let s(v) = -v**3 - 8*v**2 - 7*v - 14. Suppose 0 = 5*a - 7*a - 4*t - 10, 3*a + 17 = -4*t. What is s(a)?
-14
Let n be -52*9/(-36)*(11 - 10). Let f(j) be the first derivative of 3*j**2 - n - 1/3*j**3 + 0*j. Determine f(6).
0
Suppose b + 0 = -3. Let c(i) be the first derivative of -i**4/4 + 3*i + 2110. Calculate c(b).
30
Let y(t) = 4 + 297*t**2 + t**3 + 278*t**2 - 564*t**2 + 8*t - 8. Give y(-11).
-92
Suppose -4*k = -b + 6*b - 146, 0 = 3*b - 5*k - 95. Suppose -3*i + 48 = -3*q, -4*q - b = -5*i + 46. Let c(m) = m - 14. What is c(i)?
-2
Suppose v + 11 = 5*n, 2*v = -4*n + 18400 - 18394. Let s(a) be the second derivative of 5*a**4/12 - a**3/3 + 3*a**2/2 + a. Calculate s(n).
19
Let s(k) = 8*k. Let b(r) = 27 + 21 - 9*r - 48. Let x(a) = 5*b(a) + 6*s(a). Give x(-3).
-9
Let v = -10547 - -10557. Let p(m) = m**3 - 10*m**2 - 3*m + 23. Give p(v).
-7
Suppose -1030*h + 1094*h + 320 = 0. Let q(a) = -13*a + 12. Give q(h).
77
Suppose -3*k = 9 + 3. Let a(r) = -7*r - 6. Let j(m) = m + 1. Suppose -5*b + 27 = 3*s, 3*b = s + 23 - 18. Let t(u) = b*j(u) + a(u). Give t(k).
13
Let j(o) be the third derivative of 0*o + 0 - 1/24*o**4 - 69*o**2 + 7/6*o**3. What is j(9)?
-2
Suppose 22*z - 50023 = -49451. Let w(t) = t**2 - 33*t + 179. What is w(z)?
-3
Let c(k) = 3*k - 3. Let d(n) = 3*n - 3. Let f(r) = -5*r + 26. Let w be f(6). Let i(u) = w*d(u) + 3*c(u). Give i(1).
0
Let h(x) be the third derivative of x**5/60 + 8*x**4/3 + 32*x**3/3 + 9*x**2 + 122. Determine h(-1).
1
Let a(k) = -2*k**2 + 1. Let c be (-2 - -3)*7 - 5. Let y(r) = -10*r**2 + 4. Let f(v) = c*y(v) - 11*a(v). Calculate f(-3).
15
Let f(y) = -29*y**3 - 12*y**2 + 12*y + 50. Let p(r) = -7*r**3 - 3*r**2 + 3*r + 11. Let j(n) = 2*f(n) - 9*p(n). Determine j(1).
6
Let b(w) = -w**3 + 22*w**2 - 11*w + 2. Let d(s) = -s**3 + 23*s**2 - 7*s + 15. Let n(a) = -4*b(a) + 3*d(a). Calculate n(17).
-150
Let p(b) = b**3 + b**2 - b - 2. Suppose -205*x - 96 = -211*x. Let u(o) = 2*o**2 - 32*o - 2. Let l be u(x). Determine p(l).
-4
Let c be (2/3)/((-35)/(-11865)). Let k = -224 + c. Let v(a) = -5*a**2 + 3*a - 2. Calculate v(k).
-16
Suppose 8 = -2*s, -4*s = 3*w - 5*s - 28. Let y(g) = -10*g - 2. Let p(j) = 26*j + 5. Let o(u) = w*y(u) + 3*p(u). Give o(-2).
3
Suppose 1 = -5*a - 3*w + 4, a + 13 = -4*w. Suppose -3*q = -3*h - 6, 22 = 5*q - q + 3*h. Suppose q = a*x - 11. Let r(v) = v + 4. Calculate r(x).
9
Let q(b) be the second derivative of -b**5/20 - b**4/4 + 5*b**3/3 + 9*b**2 + 12*b - 4. Let m be q(-4). Let x(k) = -k**2 - 2*k + 7. Calculate x(m).
-17
Let c(k) = 6*k - 19. Let p = 1002 - 998. What is c(p)?
5
Let p = 3 + 0. Le